 - 2954. Suppose 90*j = c*j + 327. Calculate the remainder when j is divided by 28.
25
Suppose -t + 3 + 14 = 0. Suppose -376 = -399*j + 391*j. What is the remainder when j is divided by t?
13
Suppose 0 = -4*f - 26 + 82. Suppose b - d = 5*b - 255, 3*d = 3*b - 195. Suppose b + 38 = 2*v. Calculate the remainder when v is divided by f.
9
Suppose 5*n - 315 = -4*o, 0 = 3*o - o - 4*n - 190. What is the remainder when 486 is divided by o?
61
Let x = 280 - 191. Let y = 125 - x. Suppose -39*f = -y*f - 24. What is the remainder when 63 is divided by f?
7
Let x(u) = 19*u**2 + 6*u + 7. Let o = -88 + 125. Calculate the remainder when o is divided by x(-1).
17
Let x = 3501 - 3479. Calculate the remainder when 72 is divided by x.
6
Let k(y) = -y**3 - 26*y**2 + 3*y + 62*y**2 - 21*y**2 + 17 - 27*y**2. What is the remainder when k(-13) is divided by 37?
36
Let j = -344 + 356. Suppose -8*t = -0*t - 1272. Suppose -t = -4*v + 3*n, 5*v + 4*n = -0*n + 222. Calculate the remainder when v is divided by j.
6
Let j be 3 - 3 - 28/(-2) - -2. Suppose j*o + 3*o = 1045. What is the remainder when o is divided by 16?
7
Let a(w) = 2*w**2 + 8*w + 4. Let g be a(-5). Suppose l - 2*b = -7*b - 23, -4*b - g = 3*l. Calculate the remainder when 6/(-8)*l/3*-166 is divided by 21.
20
Suppose 4*g = 18*g. Suppose -z + 5 = g, j = 2*z + 103 + 228. Calculate the remainder when j is divided by 18.
17
Let u(g) = -33*g**2 + 15*g + 17. Let r(f) = -16*f**2 + 7*f + 8. Let s(y) = -13*r(y) + 6*u(y). What is the remainder when 19 is divided by s(1)?
5
Let k be 27/36 + (-1)/(-4). Let z = k - -33. Suppose u = z + 23. What is the remainder when u is divided by 20?
17
Suppose -i = -2*u + 19, -5*u + i = 9 - 61. Calculate the remainder when 162 + u + (-5 - -2) is divided by 39.
14
Let a(j) = 24 - 28 - j**2 - 4*j - 11*j. What is the remainder when 18 is divided by a(-14)?
8
Let a = 159 - 102. Calculate the remainder when a is divided by (-65 - (-300)/10 - 2)*-1*1.
20
Suppose -1913*g + 1772*g + 21996 = 0. Calculate the remainder when 162 is divided by g.
6
Suppose -1589 = 18*h - 7490 - 5979. What is the remainder when h is divided by 131?
5
Suppose 74*f + 11571 = 81*f. Let b = f - 800. What is the remainder when b is divided by 57?
55
Suppose 4*a = -2*w + 712, 0*a + 2*a + 724 = 2*w. What is the remainder when w is divided by (-23 - -19)*1241/(-68)?
68
Suppose 17*m = 29*m + 27*m - 81393. Calculate the remainder when m is divided by 7.
1
Let j(u) = -256*u + 6. Let w be j(-3). Suppose -w = -15*z - 249. Suppose -z = -2*v - 11. What is the remainder when 57 is divided by v?
9
Suppose -396 = -26*j - 32. Suppose -j*k + 53 = -115. What is the remainder when k is divided by 9?
3
Let o = 8 - 10. Calculate the remainder when (-6 - 1)*(-2 - 5/7) is divided by (11/2)/((-1)/o).
8
Suppose 6*x = 698 - 542. Calculate the remainder when 1203 is divided by x.
7
Let w(z) = z**2 + 61*z - 48. What is the remainder when 377 is divided by w(-63)?
65
Let z(f) = -33 + 16 + 17 + 6*f**2. Let m be z(-1). Suppose 2*a = 5*o + 19, 4*a + m*o = 2*o + 52. Calculate the remainder when a is divided by 4.
0
Let k(y) = 22*y**2 - 2*y - 1. What is the remainder when 330/(-900) + 4/(-30) - (-826)/4 is divided by k(-1)?
22
Let b = 634 + -583. Suppose -3*p + 405 = 5*g, 2*p - 2*g - 540 = -2*p. Suppose -m = 4*m - p. What is the remainder when b is divided by m?
24
Let a(x) = -x**3 - 3*x**2 - 5*x - 1. Let s(r) = r**3 - 11*r**2 + 251*r - 2736. What is the remainder when a(-4) is divided by s(11)?
10
Suppose -k - x + 2284 = 0, 163*x = 2*k + 166*x - 4577. What is the remainder when k is divided by 41?
20
Calculate the remainder when 823 is divided by (6/(-15))/(5/(-9875 - -25)).
35
Let g = 48594 - 48579. Suppose 5*c + 0*c - 2*s = 287, -5*s = -c + 39. What is the remainder when c is divided by g?
14
Let q be -1 + (2/(-7) - (-210)/49). Let u(z) = z**3 - 4*z**2 + 4*z + 5. Calculate the remainder when 8 is divided by u(q).
0
Let q(c) = c**3 - 5*c**2 - 5*c - 4. Let g be q(5). Let z = g - -118. Suppose 0 = 4*d - 78 - 106. What is the remainder when z is divided by d?
43
Let u be 4/10*-1 - 666/(-15). Suppose 0*c = -c - u. Let b = c + 50. Calculate the remainder when 75 is divided by b.
3
Suppose -a - 30 = 2*a + 3*c, 12 = 3*c. Let p be 7/a + 2*(-681)/(-12). Let q = 132 - p. Calculate the remainder when 113 is divided by q.
18
Let l = -59 - -174. Calculate the remainder when l is divided by (0 + -1)/(7/(-203)).
28
Suppose -5*p + 212 = 3*i + i, 2*p - 248 = -5*i. Suppose 14*t - 8*t + i = 0. Calculate the remainder when 34 is divided by (-6)/t + (-30)/8*-3.
10
Suppose 5*b + 0*u - u = 93, 4*b - 5*u = 66. Calculate the remainder when 280 is divided by b.
14
Let g(m) = 2*m + 404. Calculate the remainder when g(64) is divided by 113.
80
Let f = 71 + -17. Let o(h) = -10*h + 5. Let s be o(-2). Suppose -s = -3*l + 5. Calculate the remainder when f is divided by l.
4
Calculate the remainder when 1039 - 3*(-24)/(-32)*-4 is divided by 105.
103
Suppose 3*p + 61 = 70. Suppose p*g + 3 = -5*d, 4*g - 16*d + 11*d - 31 = 0. What is the remainder when (-22)/((-3)/((-3)/(-2))) is divided by g?
3
Let h be ((-5)/(-3)*3)/1. Suppose 0 = 4*r + t - 159, 168 + 35 = h*r - 3*t. Calculate the remainder when 239 is divided by r.
39
Suppose 0 = 2*l + 28*l - 5*l - 30775. Calculate the remainder when l is divided by 44.
43
Let n = 6425 - 6032. Calculate the remainder when n is divided by 59.
39
Let f = -44 + 46. Suppose f*m + 174 - 134 = 0. Calculate the remainder when (-1 - m/3)/(5/15) is divided by 10.
7
Let r(v) = -v**3 + 6*v**2 + 5*v - 3. Let s be r(-6). Let n = -81 - -117. Calculate the remainder when n is divided by (1/3)/(7/s).
17
Let l = 33687 - 33448. Calculate the remainder when 720 is divided by l.
3
Let q(p) be the first derivative of p**4/2 + 25*p**3/3 + 5*p**2 + 16*p - 117. Calculate the remainder when 119 is divided by q(-12).
39
Let h(c) = 2*c**3 - 20*c**2 + c + 1. Suppose 0 = 4*l + 2 - 22. Suppose -2*m - 56 = -3*y, 20 + 82 = l*y + m. Calculate the remainder when y is divided by h(10).
9
Let p(w) be the first derivative of 22*w**3/3 + w**2/2 - 80. Suppose -2*o = 5*r - 138 + 23, 3*r + 183 = 3*o. What is the remainder when o is divided by p(-1)?
18
Let i = -4856 + 4939. Let d(u) = 5*u**3 - 2*u**2 - 5*u + 2. Let p be d(3). Let q = p - i. Calculate the remainder when q is divided by 13.
8
Let z = -105 + 102. What is the remainder when 82/(-6)*-6 + z is divided by 40?
39
Suppose -37990 = 29510*x - 29520*x. What is the remainder when x is divided by 10?
9
Let z = -5375 + 5430. Calculate the remainder when 543 is divided by z.
48
Suppose 48*v = 47*v + 5 + 2. What is the remainder when 12 is divided by v?
5
Let b(d) = -d**3 + 2*d**2 - d + 6. Let j be b(0). Suppose -507 = -j*a + 537. Calculate the remainder when a is divided by 11.
9
Let f be ((-6)/9)/(9/(-27)). Calculate the remainder when (25 - 26) + 19*f is divided by 12.
1
Suppose 161*m - 155*m = 0. Suppose -3*a + 2*t + 34 = -a, m = -4*t + 20. Calculate the remainder when 34 is divided by a.
12
Let a be (3 + -1 - -2)/(-3 + 5). Suppose -55 - 41 = -a*u. Calculate the remainder when u is divided by 13.
9
Let c = -23891 + 35249. What is the remainder when c is divided by 307?
306
Let j be 2/(-3) + -100*119/42. Let m = j + 369. What is the remainder when m is divided by 3?
1
Suppose 0 = -5*k + 5*a + 1735, -11*a + 7*a - 8 = 0. Let i = k - 326. Calculate the remainder when 59 is divided by i.
2
Let m(b) = -2*b**2 - 194*b + 283. Calculate the remainder when 489 is divided by m(-96).
14
Suppose -77*d = -79*d - 5*t + 1629, -810 = -d - 4*t. Calculate the remainder when d is divided by 20.
2
Let u = 3424 - 3411. What is the remainder when 141 is divided by u?
11
Suppose -5*r - 3*v = 2303, -2*r - v = 2*v + 923. Let s = r - -328. What is the remainder when 2/11 + (-636)/s is divided by 4?
1
Suppose 40 = 10*b - 0*b. Calculate the remainder when 74 is divided by (512/48)/(b/6).
10
Let q = -612 + 638. Calculate the remainder when 1036 is divided by q.
22
Suppose v = 4*v - 5*q - 1499, -4*v + q + 1976 = 0. Suppose 8*g = -277 + v. What is the remainder when 44 is divided by g?
17
What is the remainder when 2101 is divided by (112/(-2))/(22*32/(-352))?
1
Suppose 4*l + 4*s = 8*s - 4, 3*s = 15. Suppose -i + l*t - 1821 = -4*i, -5*t = -15. Suppose 12*k - i = -87